g + 486. What is the units digit of g?
2
Let c(q) be the first derivative of q**3/3 - 2*q**2 + 5*q - 7. What is the units digit of c(5)?
0
Let j(s) = -s**3 + s**2 + 5. What is the units digit of j(-2)?
7
Let d be (-1)/(-2)*(-1 - 1). Let z = d + 6. What is the units digit of z?
5
Let b(g) = g - 1. Suppose -y + 0 = -4, -17 = -3*d - 5*y. Let h be b(d). What is the units digit of h - (1 + 0 + -8)?
5
Let k(a) = 12*a**2 + 6*a. What is the tens digit of k(2)?
6
Let u(t) = -2*t**2 - 10*t - 12. Let x be u(-10). Let g = 159 + x. What is the units digit of g?
7
Suppose 4*k = 61 + 11. Let c = 4 + k. What is the tens digit of c?
2
What is the tens digit of (-1121)/(-38)*(6 + 0)?
7
What is the units digit of 33/(-11)*(1 - 18)?
1
Let s(w) = -20*w + 2. Let a be s(-3). Suppose -4*p - h + 52 = -30, -3*p + a = h. What is the units digit of p?
0
Suppose 5*w = -5*p + 15, -w + 15 = 4*p + 3. Suppose 28 = r - p*y + y, 0 = -r - 2*y + 28. Suppose r - 10 = 3*j. What is the units digit of j?
6
Let j = -9 - -59. What is the units digit of j?
0
Let y = 1 - 2. Let i be y + 0 + 1/1. Suppose 4*j - 2*j - 10 = i. What is the units digit of j?
5
Let b be 4/(-22) - 12/(-66). Suppose -1 = 3*a + d, a + 3*d + 4 + 7 = b. What is the units digit of a?
1
Let h(w) be the second derivative of 0 + 7/2*w**2 - 5/12*w**4 + 1/20*w**5 + w + 0*w**3. What is the units digit of h(5)?
7
Let v = 15 - -1. What is the tens digit of v?
1
Let i(y) = y**2 + 16*y - 5. What is the tens digit of i(-20)?
7
Let z = -4 - -8. Suppose -z*w - 8 = -2*r, w = -4*r - 3*w - 8. Suppose 0 = p + o, -p + r*o + 4*o = -25. What is the units digit of p?
5
What is the tens digit of -3 - (9/(-15) - (-5488)/(-20))?
7
Suppose -2*m + 13 = 3. Suppose 2*p + 1 - m = 0. What is the units digit of p?
2
Suppose 3*z - 150 = -54. What is the units digit of z?
2
Suppose 5*y = 2*w - 2, 3*w - 6*y + y - 8 = 0. What is the units digit of w?
6
Suppose -5*c = -5 - 0. Suppose -3*q - c = -16. What is the units digit of q?
5
Let m = 23 + -14. Suppose -p - i + 5*i = m, -3*i = 4*p - 59. What is the units digit of p?
1
Suppose 5*m = -2*q + 4*q + 1842, -m - 2*q + 366 = 0. What is the hundreds digit of m?
3
Let z = -4 + 7. Suppose x = -z*x + 160. What is the tens digit of x?
4
Let h(q) = q**3 - 7*q**2 + 1. Let i(g) = -g**2. Let x(c) = h(c) - 6*i(c). What is the units digit of x(1)?
1
Let q be (-5)/(-2) - (-1)/2. Let s(a) = a - 2. What is the units digit of s(q)?
1
Let f be (-1 + 2 + 0)*15. What is the tens digit of ((-5)/f)/((-2)/228)?
3
Suppose -n = m + 2*n - 43, 146 = 4*m - n. Let k = m + -24. What is the units digit of k?
3
Let u be 1*4/4 - -145. Suppose 3*r - 13 = 4*t + 97, 0 = 4*r - 5*t - u. What is the tens digit of r?
3
Let h = -11 - -20. Let z be 4/((-3)/h*-1). Suppose -5*f - 13 = 3*v - 0, -4*f = 2*v + z. What is the units digit of v?
4
Let g(d) = d**2 - 2*d - 3. What is the units digit of g(-2)?
5
Let p(g) = -g - 5. Let r be p(-5). Let f(o) = -o - 4. Let w be f(-6). Suppose 4*j - w*j - 8 = r. What is the units digit of j?
4
Suppose 4*j + 390 = 7*j. Suppose 6*b + j = 11*b. What is the tens digit of b?
2
Let x(l) = -4*l**3 + l**2 + l + 1. Let i(v) = -v**2 - 8*v + 2. Let r be i(-8). Let y = -3 + r. What is the units digit of x(y)?
5
Let y = 95 + -58. What is the tens digit of y?
3
Let z be (-11 - (1 - 4)) + 1. Let w = z + -2. Let f(k) = k**2 + 8*k + 2. What is the tens digit of f(w)?
1
Suppose 2*h + 549 + 413 = 4*y, 5*y = -3*h + 1230. What is the hundreds digit of y?
2
Suppose 0 = 4*r - 2*o - 0*o - 498, 2*o = -5*r + 618. Let g be 2/10 + r/(-20). Let w = 14 + g. What is the units digit of w?
8
Suppose -176 = -2*u - 2*u. What is the tens digit of u?
4
Let r(n) = -3*n**3 + 3*n**2 - 1. Let m be 2/5*(-6 + 1). Let c be r(m). Suppose -j + 5*d = 4*j - c, 0 = -4*j + 5*d + 27. What is the units digit of j?
8
Let i(p) = p**3 + 4*p**2 + 2*p. Let n be i(-2). Let j be n/(-2)*63/(-18). Suppose -j - 7 = -h. What is the tens digit of h?
1
Let x(y) = y**3 + y**2 + 56. What is the tens digit of x(0)?
5
Let v(x) = x**2 - 2*x + 4. Let b be v(5). Let w = b - 8. What is the units digit of w?
1
Suppose -5*l = 3*n - 101, -3*l + n + 26 = -43. Suppose -5*b + l = -38. What is the units digit of 2/8 - (-45)/b?
4
Suppose -3*u - o = -619, -3*u = -7*u - 5*o + 840. What is the units digit of u?
5
Suppose -26 + 86 = 6*l. Suppose -2*s = -j - 23, 5*s - 31 = s - 3*j. Suppose s + l = 4*x. What is the units digit of x?
5
Let l = 6 - 10. Let w(h) = -h - 4. Let p be w(l). Suppose 4*s = -p*s + 32. What is the units digit of s?
8
Suppose 40 = -5*c - 5*i, 2*c - i = -2*i - 16. What is the units digit of 18/((-2)/c*3)?
4
Suppose 6*i = 3*i + 36. What is the units digit of i?
2
Let w = -2 - -5. Let h(r) = r**w - r**3 + 0*r**3 + r**3 - 2 - 6*r**2 - 4*r. What is the units digit of h(7)?
9
Let f(x) = -x**3 - 2*x**2 + 3*x - 3. Let h be f(-3). Let n(i) = i**3 - 6*i**2 + 2*i - 5. Let d be n(6). Let v = d + h. What is the units digit of v?
4
Let h(k) = k**3 + 9*k**2 - k - 7. Let o be h(-9). Suppose -3*d + 5*v + 90 = 0, -o = -d + v + 26. What is the units digit of d?
5
Suppose -3*m = 3*m - 120. What is the units digit of m?
0
Suppose 4*v = -3*f + 32, 3*f = 4*v - v - 3. Suppose 0 = f*k - 10 - 10. What is the units digit of k?
5
Suppose j + 4*j - 4*t = 19, -j - 2 = 5*t. Suppose 46 = j*x - 11. What is the units digit of x?
9
Suppose 2*i + i - d = 19, -3*i = 3*d - 15. What is the units digit of i?
6
Let s be (1 - (0 + 1)) + -138. Let z = 202 + s. Suppose -20 + z = 4*q. What is the tens digit of q?
1
Suppose -t + 2*p + 15 = 0, 0 = 2*t - 5*t + 2*p + 45. What is the units digit of t?
5
Let b(g) = 8*g + 15. What is the tens digit of b(6)?
6
Let u = 222 - 45. What is the units digit of u?
7
Suppose h - 9 = -2*h. Let o = -5 + 3. Let u = h - o. What is the units digit of u?
5
Let j(m) = -m - 8. Let q be j(-6). What is the units digit of -1 + 16 - (q + 3)?
4
Let s = -19 + 33. What is the tens digit of s?
1
Suppose 2*p + 98 - 340 = 0. What is the hundreds digit of p?
1
Let f be 1*(-1)/(1/15). Let w = -2 - f. What is the tens digit of w?
1
Let q(s) = s + 1. Let f be q(9). What is the tens digit of (-2)/(-1*2/f)?
1
Let t(k) = -4*k + 1. Let a be t(-1). Suppose -4*u + a*y = u - 110, 3*y = -2*u + 24. What is the units digit of u?
8
Let c(w) = w**2 - w + 1. Suppose -4*k + 3*o - 9 + 0 = 0, 4*o = -5*k + 12. What is the units digit of c(k)?
1
Let d(u) = -u**2 - 8*u - 10. Let p be d(-7). Let a = -1 - p. What is the units digit of 1 + 1 - 2/a?
1
What is the units digit of (-582)/(-2)*(-2)/(-6)?
7
Let k be 6/(-4)*(-8)/6. What is the units digit of (-10)/(-4) + 1/k?
3
Let u(x) be the second derivative of x**5/20 - x**4/6 + 2*x**3/3 + x**2/2 + 2*x. What is the units digit of u(3)?
2
Let r(m) = m**3 + 24*m**2 + 16*m - 3. What is the tens digit of r(-23)?
5
Let b be -1 - (-1 + 30/(-1)). Suppose -2*v - 3*v = -5*h - b, 3*v - 24 = 5*h. What is the units digit of 6/h + (-18)/(-2)?
7
Let z(x) = x**3 - 3*x**2 + 3*x - 3. Let y be z(2). Let o = 0 - y. What is the units digit of o?
1
Let q = 244 + -129. Let s = -81 + q. What is the tens digit of s?
3
Let m = 55 + -19. What is the units digit of m?
6
Let s be ((-6)/8)/((-3)/(-24)). Let u(v) = v**3 + 5*v**2 + 3*v - 3. Let m be u(-3). What is the units digit of (-4)/s - (-38)/m?
7
Let h(z) = 0 - 4 + z**2 + 9*z + 3*z**2 - 2*z**2. Let x be h(-8). Suppose -3*i = -3, -2*i + 6*i = -3*y + x. What is the tens digit of y?
1
Suppose 2*l - 216 = 72. What is the tens digit of l?
4
What is the units digit of (2140/25)/(4/10 + 0)?
4
Suppose 0 = 2*z + 5*r - 76, -3*r = r + 16. Let v be ((-26)/(-4))/(4/z). Suppose 5*h - 25 = -5*m + 35, -h - v = -5*m. What is the tens digit of m?
1
Suppose -3*c + 2*m + 183 = -m, -3*m - 309 = -5*c. What is the tens digit of c?
6
Suppose c = -3*m, 2*m = 2*c + 3*m - 20. Suppose d = k - d + c, 3*k + 2*d + 4 = 0. What is the units digit of k/(-10) + 12/20?
1
Let v = -1 - 0. Let s be v + -2 + -4 + -1. Let f(t) = t**3 + 8*t**2 - t - 5. What is the units digit of f(s)?
3
Let x = 25 + 44. What is the tens digit of x?
6
Let r(x) = -6*x**3 - 7*x**2 + 2*x - 1. Suppose 2*l - 18 = -l. Let u(i) = -i**2. Let f(v) = l*u(v) - r(v). What is the units digit of f(1)?
6
Let y = 110 - 34. What is the units digit of y?
6
What is the tens digit of ((-88)/(-10) + 2)*(-50)/(-20)?
2
Suppose -3 = 